{"id":49,"date":"2021-11-18T23:12:16","date_gmt":"2021-11-18T22:12:16","guid":{"rendered":"https:\/\/projekt-klinke.hwr-berlin.de\/?page_id=49"},"modified":"2021-11-18T23:15:30","modified_gmt":"2021-11-18T22:15:30","slug":"impressum","status":"publish","type":"page","link":"https:\/\/projekt-klinke.hwr-berlin.de\/?page_id=49","title":{"rendered":"Impressum"},"content":{"rendered":"\n<p><strong>Rechtlicher Sitz<\/strong><\/p>\n\n\n\n<p>Hochschule f\u00fcr Wirtschaft und Recht Berlin<\/p>\n\n\n\n<p><strong>Anschrift<\/strong><\/p>\n\n\n\n<p>Hochschule f\u00fcr Wirtschaft und Recht Berlin<br>Badensche Stra\u00dfe 52<br>10825 Berlin<\/p>\n\n\n\n<p><strong>Rechtsform<\/strong><\/p>\n\n\n\n<p>Die Hochschule f\u00fcr Wirtschaft und Recht Berlin ist eine K\u00f6rperschaft des \u00f6ffentlichen Rechts gem. \u00a7\u00a7 1 und 2 Berliner Hochschulgesetz (BerlHG)<\/p>\n\n\n\n<p><strong>Verantwortlich f\u00fcr den Inhalt<\/strong><\/p>\n\n\n\n<p>Prof. Dr. Andrea Pelzeter<br><a href=\"mailto:Andrea.rumler@hwr-berlin.de\" target=\"_blank\" rel=\"noreferrer noopener\">andrea.pelzeter@hwr-berlin.de<\/a><\/p>\n\n\n\n<p><strong>Umsatzsteueridentifikationsnummer:<\/strong>&nbsp;DE263545251<\/p>\n","protected":false},"excerpt":{"rendered":"<p>Rechtlicher Sitz Hochschule f\u00fcr Wirtschaft und Recht Berlin Anschrift Hochschule f\u00fcr Wirtschaft und Recht BerlinBadensche Stra\u00dfe 5210825 Berlin Rechtsform Die Hochschule f\u00fcr Wirtschaft und Recht Berlin ist eine K\u00f6rperschaft des \u00f6ffentlichen Rechts gem. \u00a7\u00a7 1 und 2 Berliner Hochschulgesetz (BerlHG) Verantwortlich f\u00fcr den Inhalt Prof. Dr. Andrea Pelzeterandrea.pelzeter@hwr-berlin.de Umsatzsteueridentifikationsnummer:&nbsp;DE263545251<\/p>\n","protected":false},"author":3,"featured_media":0,"parent":0,"menu_order":0,"comment_status":"closed","ping_status":"closed","template":"","meta":{"footnotes":""},"class_list":["post-49","page","type-page","status-publish","hentry"],"_links":{"self":[{"href":"https:\/\/projekt-klinke.hwr-berlin.de\/index.php?rest_route=\/wp\/v2\/pages\/49","targetHints":{"allow":["GET"]}}],"collection":[{"href":"https:\/\/projekt-klinke.hwr-berlin.de\/index.php?rest_route=\/wp\/v2\/pages"}],"about":[{"href":"https:\/\/projekt-klinke.hwr-berlin.de\/index.php?rest_route=\/wp\/v2\/types\/page"}],"author":[{"embeddable":true,"href":"https:\/\/projekt-klinke.hwr-berlin.de\/index.php?rest_route=\/wp\/v2\/users\/3"}],"replies":[{"embeddable":true,"href":"https:\/\/projekt-klinke.hwr-berlin.de\/index.php?rest_route=%2Fwp%2Fv2%2Fcomments&post=49"}],"version-history":[{"count":3,"href":"https:\/\/projekt-klinke.hwr-berlin.de\/index.php?rest_route=\/wp\/v2\/pages\/49\/revisions"}],"predecessor-version":[{"id":54,"href":"https:\/\/projekt-klinke.hwr-berlin.de\/index.php?rest_route=\/wp\/v2\/pages\/49\/revisions\/54"}],"wp:attachment":[{"href":"https:\/\/projekt-klinke.hwr-berlin.de\/index.php?rest_route=%2Fwp%2Fv2%2Fmedia&parent=49"}],"curies":[{"name":"wp","href":"https:\/\/api.w.org\/{rel}","templated":true}]}}