{"id":27,"date":"2021-11-18T22:52:36","date_gmt":"2021-11-18T21:52:36","guid":{"rendered":"https:\/\/projekt-klinke.hwr-berlin.de\/?page_id=27"},"modified":"2021-11-24T10:52:59","modified_gmt":"2021-11-24T09:52:59","slug":"projektbeschreibung","status":"publish","type":"page","link":"https:\/\/projekt-klinke.hwr-berlin.de\/?page_id=27","title":{"rendered":"Projektbeschreibung"},"content":{"rendered":"\n<h2 class=\"has-text-align-center wp-block-heading\"><strong> <\/strong>Klimaneutrale Sekund\u00e4rprozesse im Krankenhaus <\/h2>\n\n\n\n<div class=\"wp-block-image\"><figure class=\"aligncenter size-full\"><img loading=\"lazy\" decoding=\"async\" width=\"224\" height=\"105\" src=\"https:\/\/projekt-klinke.hwr-berlin.de\/wp-content\/uploads_projektklinke\/2021\/11\/image-2.png\" alt=\"\" class=\"wp-image-102\"\/><\/figure><\/div>\n\n\n\n<p>Ziel des Projektes ist es zu untersuchen, welche CO<sub>2<\/sub>&#8211; Emissionen mit den sekund\u00e4ren Prozessen (z.B. dem Geb\u00e4udebetrieb, den Krankenhaustransporten, der Krankenhauslogistik, dem Einkauf oder den Apothekendiensten) im Krankenhaus verbunden sind und welche Ma\u00dfnahmen ergriffen werden m\u00fcssen, um diese Prozesse klimaneutral zu gestalten.<\/p>\n\n\n\n<h2 class=\"wp-block-heading\"><strong>Arbeitsplan<\/strong><\/h2>\n\n\n\n<p>Um den klimaneutralen Krankenhausbetrieb in der Zukunft umsetzen zu k\u00f6nnen, sollen gemeinsam mit ausgew\u00e4hlten Praxispartnern die mit dem Krankenhausbetrieb verbundenen sekund\u00e4ren Prozesse auf ihre klimarelevanten Emissionen untersucht, Einsparpotenziale abgeleitet und Ma\u00dfnahmen zur Realisierung dieser Potenziale herausgearbeitet werden. Aus den gewonnenen Erkenntnissen wird ein Leitfaden f\u00fcr Krankenhausbetriebe, Facility Management-Dienstleister und weitere interessierte Dritte erstellt.<\/p>\n\n\n\n<h2 class=\"wp-block-heading\"><strong>Ergebnisse<\/strong><\/h2>\n\n\n\n<p>Eine auf dem erarbeiteten Leitfaden gr\u00fcndende Reduktion der erheblichen CO<sub>2<\/sub> Emissionen der Gesundheitswirtschaft w\u00e4re ein gesamtgesellschaftlicher Erfolg des Projektes. Der entwickelte Leitfaden bietet der deutschen wie auch der internationalen Gesundheitsbranche die M\u00f6glichkeit, ihren Krankenhausbetrieb auf das eigene CO<sub>2<\/sub>-Einsparpotenzial zu untersuchen und entsprechende Ma\u00dfnahmen f\u00fcr klimaneutrale Sekund\u00e4rprozesse umzusetzen.<\/p>\n\n\n\n<h2 class=\"wp-block-heading\"><strong>Projektlaufzeit<\/strong><\/h2>\n\n\n\n<p>01.09.2021 &#8211; 31.08.2024<\/p>\n","protected":false},"excerpt":{"rendered":"<p>Klimaneutrale Sekund\u00e4rprozesse im Krankenhaus Ziel des Projektes ist es zu untersuchen, welche CO2&#8211; Emissionen mit den sekund\u00e4ren Prozessen (z.B. dem Geb\u00e4udebetrieb, den Krankenhaustransporten, der Krankenhauslogistik, dem Einkauf oder den Apothekendiensten) im Krankenhaus verbunden sind und welche Ma\u00dfnahmen ergriffen werden m\u00fcssen, um diese Prozesse klimaneutral zu gestalten. Arbeitsplan Um den klimaneutralen Krankenhausbetrieb in der Zukunft umsetzen &hellip; <\/p>\n<p class=\"link-more\"><a href=\"https:\/\/projekt-klinke.hwr-berlin.de\/?page_id=27\" class=\"more-link\"><span class=\"screen-reader-text\">\u201eProjektbeschreibung\u201c <\/span>weiterlesen<\/a><\/p>\n","protected":false},"author":3,"featured_media":0,"parent":0,"menu_order":0,"comment_status":"closed","ping_status":"closed","template":"","meta":{"footnotes":""},"class_list":["post-27","page","type-page","status-publish","hentry"],"_links":{"self":[{"href":"https:\/\/projekt-klinke.hwr-berlin.de\/index.php?rest_route=\/wp\/v2\/pages\/27","targetHints":{"allow":["GET"]}}],"collection":[{"href":"https:\/\/projekt-klinke.hwr-berlin.de\/index.php?rest_route=\/wp\/v2\/pages"}],"about":[{"href":"https:\/\/projekt-klinke.hwr-berlin.de\/index.php?rest_route=\/wp\/v2\/types\/page"}],"author":[{"embeddable":true,"href":"https:\/\/projekt-klinke.hwr-berlin.de\/index.php?rest_route=\/wp\/v2\/users\/3"}],"replies":[{"embeddable":true,"href":"https:\/\/projekt-klinke.hwr-berlin.de\/index.php?rest_route=%2Fwp%2Fv2%2Fcomments&post=27"}],"version-history":[{"count":7,"href":"https:\/\/projekt-klinke.hwr-berlin.de\/index.php?rest_route=\/wp\/v2\/pages\/27\/revisions"}],"predecessor-version":[{"id":116,"href":"https:\/\/projekt-klinke.hwr-berlin.de\/index.php?rest_route=\/wp\/v2\/pages\/27\/revisions\/116"}],"wp:attachment":[{"href":"https:\/\/projekt-klinke.hwr-berlin.de\/index.php?rest_route=%2Fwp%2Fv2%2Fmedia&parent=27"}],"curies":[{"name":"wp","href":"https:\/\/api.w.org\/{rel}","templated":true}]}}